{"id":630,"date":"2018-03-24T00:44:24","date_gmt":"2018-03-24T04:44:24","guid":{"rendered":"https:\/\/btaq.ca\/boutique\/?post_type=product&#038;p=630"},"modified":"2024-02-09T16:35:35","modified_gmt":"2024-02-09T20:35:35","slug":"panier-de-sauvetage-gazelle-standard","status":"publish","type":"product","link":"https:\/\/btaq.ca\/boutique\/produit\/panier-de-sauvetage-gazelle-standard\/","title":{"rendered":"Panier de sauvetage Gazelle Standard (Prix sur demande)"},"content":{"rendered":"<p><strong>Prix sur demande, \u00e9crivez nous via le formulaire de contact dans notre menu<\/strong><\/p>\n<p>Fabriqu\u00e9s avec les m\u00eames soucis de qualit\u00e9 que les paniers de sauvetage Titan, les paniers civi\u00e8re de la s\u00e9rie Gazelle sont id\u00e9als pour les organismes de secours industriels et les sauvetages en for\u00eat.<\/p>\n<p>La finition standard est une couche de poudre laqu\u00e9e noire (Powder Coated) et il est livr\u00e9 avec trois courroies de 1 3\/4 &#8221; (4,45 cm) de largeur. Comme avec la s\u00e9rie Titan, le panier civi\u00e8re Gazelle est con\u00e7u d&#8217;un filet noir en poly\u00e9thyl\u00e8ne \u00e0 haute densit\u00e9. Le tressage de poly\u00e9thyl\u00e8ne haute densit\u00e9 (Durathene&#x2122;) remplace le grillage de type &#8220;cl\u00f4ture \u00e0 volaille&#8221; et a la caract\u00e9ristique de r\u00e9sister \u00e0 la corrosion et si jamais il se brise, il ne blesse ni le sauveteur, ni le patient.<\/p>\n<p>Une corde flexible et ayant une force \u00e9lev\u00e9e de rupture fixe le filet au panier de sauvetage. Cette corde a une longue dur\u00e9e de vie m\u00eame avec des conditions difficiles et est facilement rempla\u00e7able.<\/p>\n<p>Les trois mod\u00e8les sont construits en utilisant l&#8217;acier au carbone et sont soud\u00e9s avec la m\u00e9thode &#8220;Mig&#8221;.<\/p>\n<p>&#8211; Dimensions : Largeur : 61.59 cm \/ 24.25&#8243;, Longueur : 209.55 cm \/ 82.5&#8243;, Hauteur : 19 cm \/ 7.5&#8243; <span style=\"color: #ff0000;\"><strong>Non admissible \u00e0 la livraison gratuite<\/strong><\/span><\/p>\n<p>&#8211; Poids : 13 kg \/ 29 lbs<br \/>\n&#8211; Charge maximale : 900 lbs \/ 408 Kg \/ 4 kN<\/p>\n","protected":false},"excerpt":{"rendered":"<p>Prix sur demande, \u00e9crivez nous via le formulaire de contact dans notre menu Fabriqu\u00e9s avec les m\u00eames soucis de qualit\u00e9 que les paniers de sauvetage Titan, les paniers civi\u00e8re de la s\u00e9rie Gazelle sont id\u00e9als pour les organismes de secours industriels et les sauvetages en for\u00eat. La finition standard est une couche de poudre laqu\u00e9e [&hellip;]<\/p>\n","protected":false},"featured_media":1549,"comment_status":"open","ping_status":"closed","template":"","meta":{"jetpack_post_was_ever_published":false,"jetpack_publicize_message":"","jetpack_publicize_feature_enabled":true,"jetpack_social_post_already_shared":true,"jetpack_social_options":{"image_generator_settings":{"template":"highway","default_image_id":0,"font":"","enabled":false},"version":2}},"product_brand":[],"product_cat":[36],"product_tag":[100,98,99],"class_list":{"0":"post-630","1":"product","2":"type-product","3":"status-publish","4":"has-post-thumbnail","6":"product_cat-trauma-immobilisation","7":"product_tag-gazelle-profile","8":"product_tag-panier","9":"product_tag-sauvetage","10":"product_shipping_class-hors-dimension","12":"first","13":"outofstock","14":"taxable","15":"shipping-taxable","16":"product-type-simple"},"jetpack_publicize_connections":[],"jetpack_sharing_enabled":true,"_links":{"self":[{"href":"https:\/\/btaq.ca\/boutique\/wp-json\/wp\/v2\/product\/630","targetHints":{"allow":["GET"]}}],"collection":[{"href":"https:\/\/btaq.ca\/boutique\/wp-json\/wp\/v2\/product"}],"about":[{"href":"https:\/\/btaq.ca\/boutique\/wp-json\/wp\/v2\/types\/product"}],"replies":[{"embeddable":true,"href":"https:\/\/btaq.ca\/boutique\/wp-json\/wp\/v2\/comments?post=630"}],"wp:featuredmedia":[{"embeddable":true,"href":"https:\/\/btaq.ca\/boutique\/wp-json\/wp\/v2\/media\/1549"}],"wp:attachment":[{"href":"https:\/\/btaq.ca\/boutique\/wp-json\/wp\/v2\/media?parent=630"}],"wp:term":[{"taxonomy":"product_brand","embeddable":true,"href":"https:\/\/btaq.ca\/boutique\/wp-json\/wp\/v2\/product_brand?post=630"},{"taxonomy":"product_cat","embeddable":true,"href":"https:\/\/btaq.ca\/boutique\/wp-json\/wp\/v2\/product_cat?post=630"},{"taxonomy":"product_tag","embeddable":true,"href":"https:\/\/btaq.ca\/boutique\/wp-json\/wp\/v2\/product_tag?post=630"}],"curies":[{"name":"wp","href":"https:\/\/api.w.org\/{rel}","templated":true}]}}