{"id":626,"date":"2018-03-24T00:34:29","date_gmt":"2018-03-24T04:34:29","guid":{"rendered":"https:\/\/btaq.ca\/boutique\/?post_type=product&#038;p=626"},"modified":"2021-02-08T16:58:33","modified_gmt":"2021-02-08T20:58:33","slug":"k-e-d-dynamed","status":"publish","type":"product","link":"https:\/\/btaq.ca\/boutique\/produit\/k-e-d-dynamed\/","title":{"rendered":"K.E.D. Dynamed"},"content":{"rendered":"<p>Appareil de d\u00e9gagement et d\u2019immobilisation<br \/>\nid\u00e9al pour les bless\u00e9s de la route ou les bless\u00e9s<br \/>\nd&#8217;espaces restreints en position assise.<\/p>\n<p>Cet appareil permet un d\u00e9gagement<br \/>\nrapide minimisant les risques d&#8217;aggravation de l&#8217;\u00e9tat du bless\u00e9.<br \/>\nLe nouveau code couleur des attaches facilite son utilisation.<br \/>\nFait de nylon robuste recouvert de vinyle r\u00e9sistant.<br \/>\n(Kendrick Extrication Device). De marque Dynamed.<\/p>\n","protected":false},"excerpt":{"rendered":"<p>Appareil de d\u00e9gagement et d\u2019immobilisation id\u00e9al pour les bless\u00e9s de la route ou les bless\u00e9s d&#8217;espaces restreints en position assise. Cet appareil permet un d\u00e9gagement rapide minimisant les risques d&#8217;aggravation de l&#8217;\u00e9tat du bless\u00e9. Le nouveau code couleur des attaches facilite son utilisation. Fait de nylon robuste recouvert de vinyle r\u00e9sistant. (Kendrick Extrication Device). De [&hellip;]<\/p>\n","protected":false},"featured_media":627,"comment_status":"open","ping_status":"closed","template":"","meta":{"jetpack_post_was_ever_published":false,"jetpack_publicize_message":"","jetpack_publicize_feature_enabled":true,"jetpack_social_post_already_shared":true,"jetpack_social_options":{"image_generator_settings":{"template":"highway","default_image_id":0,"font":"","enabled":false},"version":2}},"product_brand":[],"product_cat":[36],"product_tag":[97,96],"class_list":{"0":"post-626","1":"product","2":"type-product","3":"status-publish","4":"has-post-thumbnail","6":"product_cat-trauma-immobilisation","7":"product_tag-dynamed","8":"product_tag-k-e-d","10":"first","11":"instock","12":"sale","13":"taxable","14":"shipping-taxable","15":"purchasable","16":"product-type-simple"},"jetpack_publicize_connections":[],"jetpack_sharing_enabled":true,"_links":{"self":[{"href":"https:\/\/btaq.ca\/boutique\/wp-json\/wp\/v2\/product\/626","targetHints":{"allow":["GET"]}}],"collection":[{"href":"https:\/\/btaq.ca\/boutique\/wp-json\/wp\/v2\/product"}],"about":[{"href":"https:\/\/btaq.ca\/boutique\/wp-json\/wp\/v2\/types\/product"}],"replies":[{"embeddable":true,"href":"https:\/\/btaq.ca\/boutique\/wp-json\/wp\/v2\/comments?post=626"}],"wp:featuredmedia":[{"embeddable":true,"href":"https:\/\/btaq.ca\/boutique\/wp-json\/wp\/v2\/media\/627"}],"wp:attachment":[{"href":"https:\/\/btaq.ca\/boutique\/wp-json\/wp\/v2\/media?parent=626"}],"wp:term":[{"taxonomy":"product_brand","embeddable":true,"href":"https:\/\/btaq.ca\/boutique\/wp-json\/wp\/v2\/product_brand?post=626"},{"taxonomy":"product_cat","embeddable":true,"href":"https:\/\/btaq.ca\/boutique\/wp-json\/wp\/v2\/product_cat?post=626"},{"taxonomy":"product_tag","embeddable":true,"href":"https:\/\/btaq.ca\/boutique\/wp-json\/wp\/v2\/product_tag?post=626"}],"curies":[{"name":"wp","href":"https:\/\/api.w.org\/{rel}","templated":true}]}}